e 9, what is 228 - 30?
188
In base 11, what is -5 - 10418?
-10422
In base 2, what is -1010111011100 + 1000?
-1010111010100
In base 15, what is de1 - 5?
ddb
In base 14, what is ad04 - -8?
ad0c
In base 7, what is -23 - -132331?
132305
In base 5, what is 13121 - -200?
13321
In base 2, what is 11100 + 110001001?
110100101
In base 7, what is -44 + 1045505?
1045431
In base 12, what is -10365 - -4?
-10361
In base 12, what is -253 + 57?
-1b8
In base 16, what is 673 + -438?
23b
In base 2, what is -11 + 10010000110011010010?
10010000110011001111
In base 15, what is -1 + 1a3?
1a2
In base 12, what is 1748a7 - -1?
1748a8
In base 6, what is 424 + 430?
1254
In base 10, what is 19 - 4858?
-4839
In base 13, what is 439c2 + 2?
439c4
In base 14, what is -aa7 + 0?
-aa7
In base 12, what is 9 + -16aa?
-16a1
In base 5, what is 302300 + 24?
302324
In base 16, what is -92a - -7c?
-8ae
In base 11, what is 5 - 18417?
-18412
In base 5, what is -12031122 - 1?
-12031123
In base 14, what is 2 - -1c6b1?
1c6b3
In base 15, what is -d - 7d1?
-7de
In base 6, what is -554 - 1144?
-2142
In base 14, what is -4 - -52b4c?
52b48
In base 5, what is 0 + -2030331?
-2030331
In base 10, what is -4477 - 140?
-4617
In base 10, what is 424 - -438?
862
In base 4, what is 100001201 + 10?
100001211
In base 6, what is 3 - -1135100?
1135103
In base 15, what is -9de6 - 5?
-9deb
In base 16, what is -5cf - -5?
-5ca
In base 15, what is -113d0 - -4?
-113cb
In base 3, what is -120012 + -22122?
-212211
In base 13, what is -13884 - -2?
-13882
In base 7, what is 3 - -1215423?
1215426
In base 5, what is -3101321 - -2?
-3101314
In base 9, what is 10 - 7344?
-7334
In base 16, what is 5 + bbaf?
bbb4
In base 12, what is 35 - 1345?
-1310
In base 2, what is 1110101 + -100101100110?
-100011110001
In base 12, what is 2 - -1078b?
10791
In base 5, what is -134003 + -21?
-134024
In base 14, what is -624aac - -4?
-624aa8
In base 14, what is 5a3 - -42?
605
In base 2, what is -1100110010111100 + 101?
-1100110010110111
In base 13, what is -5 + 2a490?
2a488
In base 13, what is -19 - 105c8?
-10614
In base 9, what is -6524 + -4?
-6528
In base 7, what is 46 + 6?
55
In base 7, what is 3 + 125135?
125141
In base 13, what is -8326 + -5?
-832b
In base 11, what is -2691 - -107?
-2585
In base 9, what is 248 - -372?
631
In base 12, what is -3277 + 79?
-31ba
In base 14, what is 4 + -11caa?
-11ca6
In base 7, what is -3 - -52652?
52646
In base 6, what is 35512 + 5?
35521
In base 5, what is 1 + 1212412?
1212413
In base 14, what is 1d94 - 1c7?
1bab
In base 10, what is -984 + -30?
-1014
In base 2, what is 1001111 - -11111011100?
100000101011
In base 8, what is 65 - 7231?
-7144
In base 16, what is e7 - 834?
-74d
In base 10, what is -2 + 4461?
4459
In base 8, what is 712 - 27?
663
In base 16, what is 7c1 - 17a?
647
In base 9, what is 5 + 34873?
34878
In base 15, what is -90 - -14b?
ab
In base 5, what is -314 - 43?
-412
In base 15, what is 4a - 17224?
-171c9
In base 3, what is -1110000 + 1210002?
100002
In base 13, what is -8 + 17061?
17056
In base 3, what is -101200111 - -1022?
-101122012
In base 16, what is 37 + -2f?
8
In base 7, what is -5 + -6344?
-6352
In base 13, what is 0 - 13132?
-13132
In base 12, what is -97 + -188?
-263
In base 11, what is 113 + 673?
786
In base 4, what is -122 - -231120?
230332
In base 4, what is -10 - 1031130231?
-1031130301
In base 12, what is 382906 - -2?
382908
In base 4, what is -10 + 2101331?
2101321
In base 14, what is 1b + -756?
-739
In base 4, what is -301 + -1232323?
-1233230
In base 4, what is 2 - 20100011?
-20100003
In base 16, what is -19907 - -5?
-19902
In base 3, what is -100110 + 22102?
-1001
In base 9, what is 8643 - -11?
8654
In base 5, what is 2244 + -11024?
-3230
In base 13, what is -2 + 5488?
5486
In base 8, what is 1241 + 115?
1356
In base 10, what is 59 + -9501?
-9442
In base 5, what is 2 - -3200444?
3201001
In base 16, what is 370d + -c?
3701
In base 3, what is 10 - 1021201?
-1021121
In base 5, what is 2 + -2440031?
-2440024
In base 16, what is 3c + 14b2?
14ee
In base 7, what is 235523 + -5?
235515
In base 10, what is -109671 + 46?
-109625
In base 14, what is -2b4a - -19?
-2b31
In base 9, what is 248 + 248?
507
In base 10, what is -416612 - 14?
-416626
In base 7, what is 265163 + 1?
265164
In base 16, what is -6b0 + -6?
-6b6
In base 12, what is -3961 - 4?
-3965
In base 10, what is -4 - -50892?
50888
In base 6, what is 110 + -51022?
-50512
In base 5, what is -1034 + 1124?
40
In base 16, what is -33 + -873b?
-876e
In base 12, what is 172 - 159?
15
In base 5, what is 11230 - 444?
10231
In base 8, what is -11 + 374071?
374060
In base 9, what is -10 - 1160?
-1170
In base 8, what is 330427 + -5?
330422
In base 6, what is 5 + -24455?
-24450
In base 3, what is 210021 + -2012001?
-1101210
In base 9, what is 3 - 177110?
-177106
In base 2, what is -11100 - 101100000001000?
-101100000100100
In base 6, what is -34 + -11154?
-11232
In base 5, what is 334 + -10243?
-4404
In base 16, what is -380c + 10?
-37fc
In base 3, what is 201122 + -212122?
-11000
In base 16, what is -30f + -d?
-31c
In base 12, what is -5 + -5552?
-5557
In base 5, what is -3 - -411323?
411320
In base 4, what is -10 - 10303230?
-10303300
In base 15, what is beb1a - 5?
beb15
In base 14, what is -55005 + 1?
-55004
In base 13, what is -1239 - 24?
-1260
In base 16, what is -29 + -15f?
-188
In base 6, what is -4355413 - 1?
-4355414
In base 14, what is 7681 + 22?
76a3
In base 12, what is 17938 - 5?
17933
In base 16, what is 11b1 - 68?
1149
In base 16, what is a9 + -215?
-16c
In base 9, what is 4 + 20600?
20604
In base 5, what is -141303 - 0?
-141303
In base 3, what is -10 + -11211210001?
-11211210011
In base 13, what is -1095a1 - -2?
-10959c
In base 12, what is 0 + -4b80?
-4b80
In base 13, what is b51a - 1?
b519
In base 4, what is -201031 + -2103?
-203200
In base 14, what is -5 - 842b?
-8432
In base 16, what is 1b + 161?
17c
In base 13, what is 871760 - 1?
87175c
In base 5, what is 4130314 - -10?
4130324
In base 4, what is 0 + -1103300?
-1103300
In base 13, what is -1 - 440?
-441
In base 12, what is 6582 - 3?
657b
In base 9, what is 20876 - -6?
20883
In base 11, what is 10 + 4a795?
4a7a5
In base 2, what is 10101 + -1110101011101?
-1110101001000
In base 4, what is -10 + -1100002120?
-1100002130
In base 7, what is -215633 - 5?
-215641
In base 14, what is 271 - -b83?
1014
In base 5, what is -130 + 112442?
112312
In base 11, what is 113851 + -3?
113849
In base 8, what is -425374 + 4?
-425370
In base 8, what is -2 + -502260?
-502262
In base 5, what is -3 - 1301321?
-1301324
In base 16, what is 4 - 8c195?
-8c191
In base 8, what is 7301 + 34?
7335
In base 7, what is -2 - -20632?
20630
In base 16, what is -6 - 4221?
-4227
In base 16, what is 252 - -20?
272
In base 13, what is 64 - 138?
-a4
In base 16, what is 0 + -2c7d?
-2c7d
In base 6, what is -11 - 3230?
-3241
In base 15, what is 135 - 5d7?
-4a2
In base 16, what is -18 + 171?
159
In base 8, what is -13546 + 1?
-13545
In base 3, what is 10020010120 - 1?
10020010112
In base 7, what is -1331302 + -6?
-1331311
In base 15, what is 4 - 10c6?
-10c2
In base 8, what is -175 + -7034?
-7231
In base 3, what is -1201211 + 2010?
-1122201
In base 8, what is 1647003 + -7?
1646774
In base 2, what is -10001 + -11101111000011?
-11101111010100
In base 3, what is 112000 - 12011?
22212
In base 11, what is -2a985 + -43?
-2aa18
In base 11, what is -12 + 52333?
52321
In base 13, what is 2731 + -4?
272a
In base 4, what is -233120 - 2?
-233122
In base 11, what is -9 + -679?
-687
In base 2, what is 10100010101 + 1110110111?
100011001100
In base 2, what is 1001 + 11101001011000111?
11101001011010000
In base 8, what is 55142 + -2?
55140
In base 8, what is 1 + 71243?
71244
In base 6, what is 253251 + -43?
253204
In base 3, what is 10120 - 201?
2212
In base 9, what is 88702 - 3?
88688
In base 15, what is 876b - -4?
8770
In base 15, what is -9 + -2a137?
-2a141
In base 4, what is -10311231 + -11?
-10311302
In base 11, what is 60667 - a?
60658
In base 12, what is 1603 - b11?
6b2
In base 14, what is -885 + 313?
-572
In base 15, what is 5 + -d7?
-d2
In base 12, what is -b40a + -1?
-b40b
In base 15, what is b + 11cc?
11d8
In base 8, what is -3324 - 62?
-3406
In base 8, what is -46541 + -5?
-46546
In base 16, what is 2f9155 - 4?
